e 13.
-32744b3
Convert 5043534 (base 6) to base 11.
153889
Convert -112301420 (base 5) to base 16.
-7c6aa
What is 28c661 (base 13) in base 4?
3303302003
-220022101200 (base 3) to base 4
-1310310300
Convert 777378 (base 12) to base 2.
111001111110001001100
What is 3783a (base 15) in base 5?
21133410
1122144 (base 5) to base 16
4f4b
What is -230200011233 (base 4) in base 8?
-54400557
Convert 72d03f (base 16) to base 9.
15137501
What is 10120201001 (base 3) in base 7?
412351
-5c5402 (base 13) to base 6
-115215244
-e8f53 (base 16) to base 5
-221013240
11232033111 (base 4) to base 3
2211012202220
What is -22220111222122 (base 3) in base 4?
-102003302210
Convert 52053424 (base 7) to base 9.
8184341
-78c62 (base 13) to base 14
-5a067
-30322123102 (base 4) to base 14
-64188a
Convert 533321 (base 8) to base 10.
177873
Convert 642625 (base 7) to base 5.
12031240
-122dca7 (base 14) to base 12
-2b064a3
Convert -3872 (base 13) to base 7.
-32300
10101110110101110000010 (base 2) to base 11
3263442
11221032111 (base 4) to base 2
101101001001110010101
111110110101101111 (base 2) to base 13
90204
452202 (base 7) to base 4
103202103
-7448b (base 14) to base 7
-2246434
What is -1fca14 (base 16) in base 4?
-13330220110
-126926 (base 12) to base 8
-1115656
Convert 2100000434 (base 5) to base 15.
59d2b4
10301420 (base 7) to base 10
874517
Convert -851334 (base 9) to base 11.
-316352
Convert 12141530 (base 9) to base 6.
331052213
-200100112 (base 4) to base 9
-221207
What is -1101111101111010111 (base 2) in base 13?
-130429
Convert 29121 (base 11) to base 16.
a1bd
Convert 111110000101101000101 (base 2) to base 4.
13300231011
Convert -278431 (base 10) to base 7.
-2236516
Convert 222242013 (base 5) to base 14.
1b647c
Convert 561602 (base 12) to base 6.
45220002
10243255 (base 7) to base 12
35a334
-10130243 (base 5) to base 8
-242376
What is b95a (base 15) in base 16?
9943
What is 11231230122 (base 4) in base 12?
6029b6
What is 11222141 (base 5) in base 15?
2014b
What is -11100011100010101010110 (base 2) in base 4?
-130130111112
Convert 1201322201 (base 4) to base 15.
7dc72
What is -24151501 (base 6) in base 4?
-2321310331
What is 1673576 (base 10) in base 13?
4679a8
Convert 2c0b51 (base 14) to base 9.
2804832
-29163 (base 10) to base 16
-71eb
-10fc3 (base 16) to base 11
-482a7
21010010112021 (base 3) to base 12
13245a4
Convert -42cb49 (base 15) to base 10.
-3181794
-1342040 (base 5) to base 15
-8365
What is 3601753 (base 8) in base 10?
984043
-33020051 (base 6) to base 2
-11101111110101111111
2a6a (base 15) to base 7
35350
-1112311200 (base 4) to base 16
-56d60
-3025 (base 16) to base 15
-39ba
What is -11011001000111110 (base 2) in base 10?
-111166
Convert 26791 (base 12) to base 7.
310252
What is 237871 (base 9) in base 2?
100011000011101100
What is -a08dd (base 14) in base 7?
-3165066
144ab (base 16) to base 4
110102223
Convert 142044224 (base 5) to base 12.
2b6913
Convert 1570280 (base 12) to base 11.
2519571
-9a1740 (base 15) to base 7
-116302563
What is 125641 (base 7) in base 11?
16848
1d95ba3 (base 14) to base 10
14883011
1432030 (base 6) to base 10
82098
Convert -1305462 (base 7) to base 12.
-82489
1b8007 (base 16) to base 4
12320000013
What is -1400320402 (base 5) in base 10?
-3526352
Convert 12433101111 (base 5) to base 9.
32172838
Convert 1020031121 (base 4) to base 12.
1231b5
3423153 (base 6) to base 13
614ac
Convert 22112110110 (base 3) to base 2.
101001000001000110
What is 3062b (base 12) in base 4?
33122003
Convert 31507 (base 15) to base 7.
1220632
What is 2bb0a4 (base 12) in base 14?
155668
What is 92ea6 (base 15) in base 13?
133c68
206586 (base 9) to base 15
26670
What is -25680 (base 11) in base 13?
-13960
-10021211220000 (base 3) to base 4
-12222330312
-15504715 (base 9) to base 16
-761624
Convert 20ebe (base 15) to base 5.
11321304
2e3a6 (base 16) to base 7
1416020
What is -210575 (base 15) in base 12?
-638b02
Convert 220c62 (base 15) to base 12.
663148
What is e33cbc (base 15) in base 6?
1023222023
23573 (base 12) to base 15
e0e3
What is -7468013 (base 10) in base 4?
-130133033231
What is 110303120123 (base 4) in base 5?
2344001324
6385742 (base 9) to base 5
1334010111
Convert 603316 (base 7) to base 15.
20371
Convert -2013533 (base 6) to base 5.
-11023312
Convert 21212254 (base 6) to base 13.
18aca5
Convert 232232110 (base 4) to base 15.
3ba8a
What is -2002221220 (base 3) in base 7?
-232026
-256433160 (base 7) to base 8
-76527332
Convert 355503 (base 9) to base 6.
4330433
Convert 1131402224 (base 5) to base 6.
131511232
Convert -9c7cb (base 13) to base 16.
-4585b
-10133531 (base 6) to base 8
-1073137
What is -647723 (base 11) in base 2?
-11111100101100110011
Convert 14232003 (base 5) to base 4.
210120023
What is 392428 (base 12) in base 13?
26a761
238896 (base 16) to base 15
30eed6
-207011 (base 8) to base 16
-10e09
What is -301311102 (base 4) in base 3?
-101100222210
Convert 1365613 (base 8) to base 13.
107797
-447112 (base 9) to base 13
-94a84
-2400310 (base 5) to base 11
-2aa26
Convert -12bd8e (base 16) to base 5.
-303300144
-21110112000120 (base 3) to base 13
-a8b559
Convert -20000202111 (base 3) to base 13.
-42010
7a1087 (base 14) to base 2
1111110101100111101111
What is -7b9941 (base 13) in base 5?
-1222401234
Convert -21022113 (base 4) to base 2.
-1001001010010111
What is -3fa93 (base 16) in base 12?
-106a97
What is 140c32a (base 13) in base 3?
102221001022122
What is 1313331331 (base 4) in base 9?
828047
-223043 (base 7) to base 6
-502432
What is -29681 (base 12) in base 9?
-87477
Convert -564027 (base 11) to base 12.
-373b32
-10001000000100011111100 (base 2) to base 5
-2120134443
Convert 55534503 (base 7) to base 16.
493962
15339 (base 16) to base 5
10234331
Convert -130223101332 (base 4) to base 3.
-112010220210220
-100220a (base 14) to base 8
-34575502
What is -96145 (base 13) in base 16?
-42079
What is -6322261 (base 9) in base 2?
-1100111001010101101110
-31354002 (base 6) to base 15
-131b28
-203123330 (base 4) to base 8
-433374
-5563454 (base 9) to base 6
-144102504
What is 135111241 (base 6) in base 10?
2762089
What is -10000010001010000000 (base 2) in base 4?
-2002022000
-8a815 (base 11) to base 4
-200011132
Convert -4434434 (base 6) to base 12.
-a8a1a
-263291 (base 10) to base 8
-1002173
-301133330031 (base 4) to base 9
-26366510
Convert -624c03 (base 13) to base 11.
-132887a
132523143 (base 6) to base 9
4885770
10011011011111010001 (base 2) to base 15
c8a8b
What is 33a10 (base 12) in base 2?
10000110011101100
What is 103205553 (base 6) in base 14?
35b377
-36576 (base 8) to base 16
-3d7e
What is -244b48 (base 13) in base 12?
-35a069
Convert 11001100110001110 (base 2) to base 10.
104846
Convert -13321041 (base 5) to base 10.
-135771
Convert -21010130 (base 4) to base 7.
-213206
1231031 (base 7) to base 5
20040311
Convert 320403404 (base 5) to base 16.
1476b0
What is 131200122 (base 5) in base 12?
272454
Convert 21011201100 (base 3) to base 6.
3005443
Convert 52415743 (base 8) to base 3.
202222101112111
Convert b3136a (base 16) to base 12.
3b1b74a
Convert -5485c (base 15) to base 3.
-111122022220
-8d3627 (base 15) to base 6
-400321101
-347477 (base 8) to base 12
-58767
-145235 (base 7) to base 6
-334442
Convert -254031 (base 8) to base 3.
-11110211120
-3114253 (base 6) to base 7
-1163226
Convert -638125 (base 12) to base 6.
-53344445
Convert 1025135 (base 6) to base 16.
c4d3
What is -75649 (base 13) in base 8?
-636023
What is -18166 (base 15) in base 8?
-230172
What is -233103020 (base 5) in base 9?
-2004255
Convert -396037 (base 14) to base 7.
-22536100
Convert -135524 (base 7) to base 13.
-baa1
41223600 (base 7) to base 6
201551240
Convert -384877 (base 10) to base 3.
-201112221201
-25443415 (base 6) to base 11
-517857
14505414 (base 6) to base 14
d2910
What is 8d1e9 (base 15) in base 4?
1231230213
What is -2a26b (base 15) in base 16?
-2117f
What is 46155 (base 12) in base 4?
112311101
Convert -478366 (base 13) to base 11.
-a63764
What is -125153005 (base 6) in base 7?
-30100463
67c33 (base 16) to base 14
b0c5d
Convert 302243122 (base 5) to base 8.
4477577
What is -391606 (base 12) in base 14?
-1a5010
What is 30d4c2 (base 14) in base 3?
10002211111202
-2312672 (base 12) to base 8
-31563066
-150827 (base 15) to base 11
-6330a5